{"id":59,"date":"2023-08-29T09:12:06","date_gmt":"2023-08-29T09:12:06","guid":{"rendered":"https:\/\/mb-sjm.com\/v2\/?page_id=59"},"modified":"2024-03-04T09:19:56","modified_gmt":"2024-03-04T09:19:56","slug":"colegio","status":"publish","type":"page","link":"https:\/\/mb-sjm.com\/v2\/","title":{"rendered":"Grupo MB"},"content":{"rendered":"\n\n\n<h2><span style=\"font-size: 25px;\"><strong>Col\u00e9gio Estrela Guia e Academia Mentes Brilhantes<\/strong><\/span><br><\/h2>\n<p class=\"MsoNormal\" style=\"text-align:justify\"><span style=\"color: rgb(0, 0, 0); font-family: Arial;\">O Grupo Mentes Brilhantes surge\nem 2007com a Academia Mentes Brilhantes, fundado pelo atual Diretor Pedag\u00f3gico,\nAugusto Pinho, com Licenciatura em Matem\u00e1tica, Ramo Educacional e em\nPrograma\u00e7\u00e3o pela Universidade de Coimbra. Iniciou fun\u00e7\u00f5es como professor no\nEnsino <span style=\"\"><\/span>P\u00fablico, no qual fez v\u00e1rias publica\u00e7\u00f5es cient\u00edficas. Posteriormente, fez\numa interrup\u00e7\u00e3o na carreira letiva, ingressando na \u00e1rea da Programa\u00e7\u00e3o, na\nempresa Sony Ericsson, na qual ganhou um pr\u00e9mio de m\u00e9rito. Apesar do gosto pela\nPrograma\u00e7\u00e3o e pelo Ensino, n\u00e3o se reviu em nenhum destes projetos. Decidiu\ncriar o Mentes Brilhantes, um projeto que surge do sonho de criar um modelo de\nensino inovador, baseado no rigor, exig\u00eancia e qualidade. Em 2020, foi\nconvidado a abra\u00e7ar o projeto Col\u00e9gio Estrela Guia, col\u00e9gio com as val\u00eancias\nBer\u00e7\u00e1rio, Creche, Pr\u00e9-escolar e Primeiro Ciclo. O Grupo MB surge da fus\u00e3o da\nAcademia Mentes Brilhantes com o Col\u00e9gio Estrela Guia.<\/span><o:p><\/o:p><\/p><p class=\"MsoNormal\" style=\"text-align:justify\"><o:p><\/o:p><\/p><p class=\"MsoNormal\" style=\"text-align:justify\"><br><\/p>\n\n\n","protected":false},"excerpt":{"rendered":"","protected":false},"author":2,"featured_media":0,"parent":0,"menu_order":0,"comment_status":"closed","ping_status":"closed","template":"","meta":{"pagelayer_contact_templates":[],"_pagelayer_content":"","footnotes":""},"class_list":["post-59","page","type-page","status-publish","hentry"],"_links":{"self":[{"href":"https:\/\/mb-sjm.com\/v2\/wp-json\/wp\/v2\/pages\/59","targetHints":{"allow":["GET"]}}],"collection":[{"href":"https:\/\/mb-sjm.com\/v2\/wp-json\/wp\/v2\/pages"}],"about":[{"href":"https:\/\/mb-sjm.com\/v2\/wp-json\/wp\/v2\/types\/page"}],"author":[{"embeddable":true,"href":"https:\/\/mb-sjm.com\/v2\/wp-json\/wp\/v2\/users\/2"}],"replies":[{"embeddable":true,"href":"https:\/\/mb-sjm.com\/v2\/wp-json\/wp\/v2\/comments?post=59"}],"version-history":[{"count":9,"href":"https:\/\/mb-sjm.com\/v2\/wp-json\/wp\/v2\/pages\/59\/revisions"}],"predecessor-version":[{"id":257,"href":"https:\/\/mb-sjm.com\/v2\/wp-json\/wp\/v2\/pages\/59\/revisions\/257"}],"wp:attachment":[{"href":"https:\/\/mb-sjm.com\/v2\/wp-json\/wp\/v2\/media?parent=59"}],"curies":[{"name":"wp","href":"https:\/\/api.w.org\/{rel}","templated":true}]}}